 198/11 + -6. What is the greatest common divisor of x and 9918?
171
Let v be ((-8)/(-52))/(40/74360*13). Suppose -3102 = -2*g - g. What is the highest common factor of g and v?
22
Let v be (-9)/(-5)*((-292)/(-12) + 4). Suppose 0 = 5*q - i - 166, v = -4*q - 4*i + 203. Suppose w - 12 = 5. What is the highest common divisor of w and q?
17
Let w(v) = -34*v + 2. Let x be w(-10). What is the greatest common divisor of x and 1824?
114
Let p(d) = 693*d + 2337. Let t be p(0). Calculate the highest common divisor of t and 1311.
57
Suppose -13*r = -1216 + 1086. What is the greatest common divisor of r and 130?
10
Let q = -137 - -309. Suppose f = 2*v - 71 - q, -v = -f - 243. Let p = 478 + f. What is the greatest common factor of 94 and p?
47
Let g be (3/(-6)*2)/(4/8). Let p be 12/(-8)*g/(-3) + 293. Calculate the greatest common divisor of p and 4.
4
Suppose -r + 8 = 4*v, 7*v - r = 3*v. Let p(o) = 27*o**3 - 2*o**2 - 2*o + 2. Let a be p(v). What is the greatest common factor of a and 5?
5
Let x = -1732 + 1743. Calculate the highest common divisor of x and 2717.
11
Suppose -3*n + 207 = -3*k, k + 281 = 4*n - 4*k. Suppose 5*y - n = 271. Let p = y - 60. Calculate the highest common factor of p and 56.
7
Let p(q) = q**3 + 25*q**2 + 45*q - 86. Let h be p(-20). Let z = h - 186. Calculate the greatest common divisor of 46 and z.
46
Suppose 5 = -m + 11. Suppose m*b - 209 = -65. What is the highest common factor of 168 and b?
24
Let r = -1636 - -3545. What is the highest common divisor of r and 83?
83
Let h = 3 - 1. Suppose -20 = -4*t, -h*n + 4*t - 136 = -3*n. Suppose -938 = -25*w - 213. Calculate the highest common divisor of n and w.
29
Let d = -152 - 58. Let q be 1363/7 - 60/d. What is the greatest common factor of q and 15?
15
Suppose 178*a + 166*a = 321*a + 1449. Calculate the greatest common divisor of a and 840.
21
Let s = 243 + 460. Let m = s - 631. What is the highest common divisor of m and 18?
18
Let y(s) = -2 - s**3 + s**2 - 18 + 2*s + 1. Let u be (-11 - (0 - -2)) + -132 + 140. Let r be y(u). Calculate the highest common factor of 11 and r.
11
Let v(o) = 8*o**2 + 9*o + 433. Let h be v(-16). What is the highest common divisor of 369 and h?
123
Suppose 0 = -97*d + 88*d + 507 + 123. Calculate the greatest common divisor of 1610 and d.
70
Let s = 8 + -14. Let g = s - -9. Let m be ((-6)/(-10))/(79/1185). Calculate the highest common factor of g and m.
3
Let j be (1 + (-9)/(-3))*1. Suppose -5*k = -5*s, -5*s - 5*k = j - 54. Let o = -20 + 60. Calculate the highest common divisor of s and o.
5
Let o be 364/35 + (-2)/5. Let s be 60/(-320) - 3605/(-112). Calculate the highest common divisor of s and o.
2
Let r = -27978 - -28346. What is the greatest common factor of r and 20792?
184
Let t(r) = 2*r**2 + 13*r + 3. Let k be t(14). Suppose k + 2335 = 7*z. Calculate the greatest common factor of 52 and z.
52
Let b be 2 - (16/(-4) + -77). Suppose b + 13 = 4*q. Calculate the greatest common divisor of 6 and q.
6
Let l be 43 - (-13 - -5)/1. Calculate the highest common factor of l and 4131.
51
Suppose 2*o - 13*o + 143 = 0. Suppose -o*p - 20 = -17*p. Suppose 568 = 4*r - 4*s, -p*r + 4*s + 714 = 3*s. What is the highest common factor of r and 13?
13
Let f be 14/91 + 6251*(-1)/(-13). What is the highest common factor of f and 104?
13
Let u(a) = -12*a - 170. Let n be u(-16). Suppose -2*k + 28 = 5*h, -4*h - n*k + 23 = -21*k. Calculate the greatest common divisor of 147 and h.
3
Let p(s) = s**3 + 13*s**2 + 8*s - 14. Let g be (-3 + 4)/((-12)/96). Let n be p(g). What is the highest common divisor of n and 11?
11
Let a = -3 - -66. Suppose 2*v = -10*v. Let n(x) = x**3 - 4*x**2 - x + 7. Let f be n(v). What is the greatest common factor of a and f?
7
Let m = 16025 - 4069. What is the highest common factor of m and 196?
196
Let n be (-11 - 5)/(2*3/168). Let j = n + 453. Let x(q) = q**3 + 6*q**2 - 4*q + 1. Let h be x(-6). What is the highest common factor of j and h?
5
Suppose -20*r = -138 + 1138. Let a be (-324)/(-15) + (-20)/r. Calculate the highest common factor of a and 308.
22
Let i be 65*(3 + (-112)/104). Let h = -35 - -55. What is the greatest common factor of i and h?
5
Let r be (976 + (6 - 2))*(1 - 0). Suppose -5*k - r = -12*k. Let j be 15*(1 + (-2)/(-6)). Calculate the greatest common factor of k and j.
20
Suppose -6*f - 3 = -15. Suppose -y + 9*o + 80 = 4*o, -145 = -f*y - 5*o. Let p be (-880)/(-30) - 2/(-3). Calculate the greatest common factor of p and y.
15
Let r = 204 + -176. Suppose 5*v = 10, -r = -3*n + 2*v + 25. What is the highest common factor of 19 and n?
19
Let x = 236 + -227. Suppose 2*o + x - 17 = 0. What is the greatest common divisor of o and 40?
4
Let u = -143 + 157. Let b = -87 + 62. Let s be (-2)/(-5) - 340/b. What is the greatest common factor of u and s?
14
Let d = 2472 - 492. Calculate the highest common factor of d and 135.
45
Let k(u) = -28*u**3 + 3*u**2 + 19*u + 27. Let q be k(-2). What is the highest common factor of 600 and q?
75
Let a(b) = -46*b + 12. Let j be a(-5). Suppose 10*x - 8*x - j = 0. Suppose -2*v - 1 = -23. Calculate the greatest common divisor of x and v.
11
Let x = -17 + 97. Let c(q) = q**3 + 21*q**2 - 23*q - 15. Let a be c(-22). Let y be 5 + -2 - a*-1. What is the highest common factor of x and y?
10
Suppose 3*g = -0*g + 24. Suppose 0 = -g*s + 230 - 878. Let v = s - -117. What is the highest common divisor of v and 24?
12
Let y(n) = 6*n - 16. Let p be y(10). Let k = -114 - -202. Calculate the greatest common factor of p and k.
44
Let u be (-23598)/(-345)*10/3. What is the greatest common divisor of 10830 and u?
114
Let j = -13983 + 14853. Calculate the greatest common divisor of 2262 and j.
174
Suppose 0 = -5*p - 4*k + 14, 21*p + 5*k = 18*p - 2. Let m be p/(6 - 351/60). What is the greatest common divisor of m and 200?
40
Let x = -24 + 44. Let m(n) = 5*n - 92. Let j(d) = -31*d + 549. Let h(g) = 2*j(g) + 13*m(g). Let s be h(36). Calculate the greatest common factor of x and s.
10
Let c be 1/11 + (-16)/(-20) + 114765/825. Calculate the highest common divisor of c and 455.
35
Let x = -366 - -822. What is the highest common factor of x and 1482?
114
Let d(i) = -135*i - 264. Let a be d(-6). Calculate the greatest common factor of 390 and a.
78
Let f = -1631 + 1693. What is the highest common factor of 1457 and f?
31
Let m = -28 - -50. Let s be (-495)/4 + ((-18)/8 - -2). Let a = -122 - s. What is the highest common divisor of a and m?
2
Suppose 0 = -2*t - g + 1655, -3*t + 1781 + 705 = -2*g. Calculate the greatest common divisor of t and 253.
23
Suppose -2*c = -5*n + 24, 2*c + n + 17 = 5. Let u = 10 - 19. Let z be 2/u - (581/9)/c. What is the greatest common divisor of z and 1?
1
Let u = 15741 + -15699. What is the greatest common factor of u and 3432?
6
Let h = 4190 + -4174. Calculate the greatest common divisor of 4784 and h.
16
Suppose -s + 10 = 3*t - 0*t, 0 = t + 5*s + 20. Suppose 0*h + t*h + 5 = 0, 4*i = 2*h + 322. What is the greatest common divisor of 10 and i?
10
Suppose 0 = 61*f + 155*f - 7088 - 25960. Calculate the highest common factor of f and 1921.
17
Suppose -5*u - 15 = 4*i - 31, -3*i = u - 12. Let t(l) = l**3 - 10*l - 14. Let d be t(i). Calculate the highest common factor of d and 215.
5
Suppose -27*j + 48*j - 48 = 19*j. What is the highest common factor of j and 1312?
8
Let j(l) = l**2 - 20*l - 5. Let m(a) = -a**3 - 8*a**2 - 7*a - 35. Let t be m(-8). Let q be j(t). Calculate the greatest common divisor of q and 112.
16
Let z(j) = -12*j - 18. Let t be z(-8). Let c be ((-12)/14)/((-7)/(-49)). Let b be 6*((-364)/c)/7. Calculate the greatest common divisor of b and t.
26
Let d = 1105 + -626. Let q = d - 304. What is the greatest common factor of 50 and q?
25
Let n = -606 + 9806. Calculate the highest common divisor of 23 and n.
23
Let d be 14229/135 + (42/(-30) - -1). Calculate the highest common divisor of d and 2985.
15
Let j = -2900 - -2938. What is the highest common factor of 779 and j?
19
Let w = 150 - 144. Suppose -18*v = -w*v - 168. What is the greatest common factor of v and 154?
14
Suppose -39*m = -43*m + 10260. Suppose -m = -2*g - 17*g. Calculate the greatest common factor of g and 5.
5
Suppose 360*z + 3332 - 23194 - 23338 = 0. Let t be (-2)/((-1)/(-8)*-1). Suppose -4*a + t*a - z = 0. Calculate the greatest common fac